MONTHLY CLIMATOLOGICAL SUMMARY for DEC. 2017

NAME: West Hill Area   CITY: New Hartford STATE: CT
ELEV: 1060 LAT: 041:52:00 LONG: 0073:02:00

                            TEMPERATURE ( F), RAIN (in.), WIND SPEED (mph)

                                               HEAT     COOL           AVG
      MEAN                                     DEG      DEG            WIND                       DOM
DAY   TEMP    HIGH   TIME     LOW    TIME      DAYS     DAYS    RAIN   SPEED    HIGH    TIME      DIR
----------------------------------------------------------------------------------------------------------------------------------------------------------
01    38.3   045.3   13:46    28.8   23:18     26.6     00.0   00.04   02.3     18.4    10:32      NW
02    32.7   042.2   13:40    25.1   03:24     32.2     00.0   00.00   00.2     06.9    12:13      NE
03    33.3   043.6   14:08    27.0   07:20     31.6     00.0   00.00   00.1     04.6    13:55      NE
04    33.8   042.1   13:48    26.5   04:27     31.1     00.0   00.00   00.8     09.2    19:46     ESE
05    46.2   055.2   21:20    38.3   00:03     18.7     00.0   00.53   03.4     17.3    19:56      SW
06    38.6   052.9   00:56    28.0   23:21     26.3     00.0   00.06   04.1     24.1    03:42      W 
07    30.6   038.5   14:00    24.6   07:26     34.4     00.0   00.00   03.5     16.1    20:48      W 
08    30.0   037.4   13:03    22.1   06:54     34.9     00.0   00.00   01.8     14.9    00:45      W 
09    29.1   032.1   10:11    27.2   16:32     35.8     00.0   00.00   00.4     09.2    23:28      N 
10    28.8   035.8   13:29    22.9   05:17     36.1     00.0   00.00   03.1     17.3    03:45      W 
11    30.3   037.1   14:14    26.0   03:45     34.7     00.0   00.00   02.3     14.9    01:29      W 
----------------------------------------------------------------------------------------------------------------------------------------------------------
33.8 (34.5)   55.2  day 05     22.1  day 08   342.6    000.0   00.63   02.0     24.2   day 06      W 
Min <=  86: 11
Min <=  23: 2
Max Rain: 0.53 ON 5-12-17
Days of Rain: 3 (> .008in) 1 (> .08in) 0 (> 0.8in)