MONTHLY CLIMATOLOGICAL SUMMARY for JUN. 2017

NAME: Beeney Road   CITY: New Hartford STATE: Connecticut
ELEV: 1060 LAT: 041:52:00 LONG: 0073:02:00

                            TEMPERATURE ( F), RAIN (in.), WIND SPEED (mph)

                                               HEAT     COOL           AVG
      MEAN                                     DEG      DEG            WIND                       DOM
DAY   TEMP    HIGH   TIME     LOW    TIME      DAYS     DAYS    RAIN   SPEED    HIGH    TIME      DIR
----------------------------------------------------------------------------------------------------------------------------------------------------------
01    60.9   075.3   16:51    51.9   06:33     04.0     00.0   00.08   01.8     18.4    17:15      W 
02    58.5   077.3   14:21    47.3   04:54     06.4     00.0   00.00   02.3     16.1    18:12      W 
03    57.3   072.3   15:02    45.1   05:41     07.7     00.0   00.02   02.2     20.7    15:16      W 
04    57.8   074.8   12:46    47.2   05:41     07.1     00.0   00.27   00.6     12.7    16:34      W 
05    55.9   061.7   12:50    52.0   23:50     09.0     00.0   00.41   01.5     13.8    23:53     ENE
06    49.2   052.2   00:10    46.5   22:11     15.7     00.0   00.47   03.0     14.9    12:59     ENE
07    58.4   074.8   15:58    46.7   01:54     06.5     00.0   00.01   01.3     13.8    14:56      NE
08    60.3   077.6   12:59    48.4   05:31     04.7     00.0   00.00   00.6     09.2    13:44     ENE
09    62.0   080.1   16:51    44.7   05:52     03.0     00.0   00.00   01.4     16.1    17:15      W 
10    69.1   085.4   16:58    55.2   06:13     00.0     04.2   00.00   01.4     16.1    14:20     WSW
11    74.9   091.2   16:40    60.3   04:49     00.0     10.0   00.00   02.4     17.3    15:21     WSW
12    78.5   094.9   15:40    66.6   06:39     00.0     13.6   00.00   01.7     13.8    15:40     WSW
13    78.2   095.6   13:41    65.6   04:49     00.0     13.2   00.00   01.5     11.5    14:33      W 
14    71.3   086.6   16:04    58.2   23:28     00.0     06.4   00.00   01.5     13.8    15:41     NNW
15    64.7   081.1   15:44    51.3   04:53     00.2     00.0   00.00   00.8     10.3    15:15     ESE
16    62.4   075.6   11:46    57.2   03:49     02.6     00.0   00.08   01.4     14.9    09:29      E 
17    66.6   075.2   14:59    59.7   01:49     00.0     01.6   00.13   00.1     04.6    19:17     ENE
18    74.0   086.1   15:27    66.5   05:00     00.0     09.1   00.01   01.1     10.3    16:54      SW
19    73.0   085.1   11:56    67.7   23:55     00.0     08.0   01.23   01.5     10.3    17:01      SW
20    70.7   083.8   14:55    60.8   00:00     00.0     05.8   00.07   02.8     17.3    12:07     WSW
21    69.3   085.7   15:35    58.5   03:51     00.0     04.4   00.00   02.1     19.6    12:42      W 
22    69.2   085.4   16:09    54.5   05:34     00.0     04.3   00.00   01.3     13.8    13:28     WSW
----------------------------------------------------------------------------------------------------------------------------------------------------------
65.6 (67.5)   95.6  day 13     44.7  day 09   066.9    080.6   02.78   01.6     20.7   day 06      W 
Max >=  86: 5
Min <=  86: 22
Max Rain: 1.23 ON 19-06-17
Days of Rain: 11 (> .008in) 7 (> .08in) 1 (> 0.8in)