MONTHLY CLIMATOLOGICAL SUMMARY for OCT. 2017

NAME: West Hill Area   CITY: New Hartford STATE: CT
ELEV: 1060 LAT: 041:52:00 LONG: 0073:02:00

                            TEMPERATURE ( F), RAIN (in.), WIND SPEED (mph)

                                               HEAT     COOL           AVG
      MEAN                                     DEG      DEG            WIND                       DOM
DAY   TEMP    HIGH   TIME     LOW    TIME      DAYS     DAYS    RAIN   SPEED    HIGH    TIME      DIR
----------------------------------------------------------------------------------------------------------------------------------------------------------
01    49.9   063.3   15:28    40.4   07:24     15.1     00.0   00.00   01.0     10.3    10:07      NW
02    52.0   067.4   15:19    41.9   06:51     12.9     00.0   00.00   01.1     09.2    15:10      NE
03    52.4   068.7   15:10    42.2   06:53     12.5     00.0   00.00   00.3     09.2    15:47     ENE
04    56.7   072.8   15:18    45.6   06:37     08.3     00.0   00.00   02.0     11.5    23:22      W 
05    65.6   078.2   15:58    56.1   07:17     00.0     00.7   00.00   01.7     16.1    15:44      W 
06    61.7   078.6   13:28    50.1   07:05     03.2     00.0   00.00   00.4     09.2    11:06      NW
07    65.3   077.9   14:52    54.5   06:53     00.0     00.4   00.00   00.8     09.2    22:39      SW
08    69.7   076.8   16:04    65.0   01:35     00.0     04.8   00.57   01.9     14.9    11:55     WSW
09    69.9   072.4   13:45    68.2   03:29     00.0     04.9   00.51   01.3     16.1    15:49     WSW
10    63.1   071.9   14:36    55.3   23:41     01.8     00.0   00.01   02.0     17.3    02:56     WNW
11    60.8   071.3   13:25    54.1   00:00     04.1     00.0   00.00   01.7     13.8    23:00     ENE
12    50.7   059.5   14:45    40.1   23:58     14.3     00.0   00.14   02.3     16.1    11:14     ENE
13    49.6   061.7   15:20    37.3   04:53     15.3     00.0   00.00   00.9     12.7    11:37     ENE
14    61.1   073.5   15:12    54.7   23:49     03.8     00.0   00.00   00.2     05.8    14:57      E 
15    62.9   073.0   15:22    54.3   00:56     02.1     00.0   00.00   02.4     18.4    22:51     WSW
16    50.4   064.1   00:14    37.1   23:47     14.5     00.0   00.04   03.5     23.0    06:46      NW
17    41.1   055.2   15:18    31.1   07:21     23.9     00.0   00.00   01.2     11.5    13:49     WNW
18    51.0   067.1   15:17    38.6   02:06     13.9     00.0   00.00   01.2     10.3    15:30      W 
19    54.2   067.4   14:48    45.0   05:49     10.8     00.0   00.00   02.4     17.3    13:29     WSW
----------------------------------------------------------------------------------------------------------------------------------------------------------
57.3 (58.7)   78.6  day 06     31.1  day 17   156.5    010.8   01.27   01.5     23.0   day 16     WNW
Min <=  86: 19
Max Rain: 0.57 ON 8-10-17
Days of Rain: 5 (> .008in) 3 (> .08in) 0 (> 0.8in)