MONTHLY CLIMATOLOGICAL SUMMARY for APR. 2017

NAME: Beeney Road   CITY: New Hartford STATE: Connecticut
ELEV: 1060 LAT: 041:52:00 LONG: 0073:02:00

                            TEMPERATURE ( F), RAIN (in.), WIND SPEED (mph)

                                               HEAT     COOL           AVG
      MEAN                                     DEG      DEG            WIND                       DOM
DAY   TEMP    HIGH   TIME     LOW    TIME      DAYS     DAYS    RAIN   SPEED    HIGH    TIME      DIR
----------------------------------------------------------------------------------------------------------------------------------------------------------
01    34.5   040.3   14:35    31.1   00:29     30.5     00.0   00.42   01.8     23.0    12:19     NNE
02    42.7   056.6   16:54    32.7   06:33     22.3     00.0   00.43   04.6     26.4    17:54     WNW
03    48.3   065.2   14:31    33.9   05:51     16.7     00.0   00.00   01.5     12.7    00:20     WSW
04    40.7   044.9   00:02    36.3   22:31     24.2     00.0   01.19   04.7     23.0    05:05     ENE
05    43.9   056.3   15:55    36.8   05:38     21.0     00.0   00.03   01.7     16.1    12:08      N 
06    38.4   043.5   23:26    35.3   08:20     26.6     00.0   01.04   05.4     25.3    16:57     ENE
07    42.1   050.3   13:57    34.1   23:51     22.9     00.0   00.03   05.5     23.0    20:26     WSW
08    39.2   050.2   16:04    32.8   05:45     25.7     00.0   00.00   07.0     32.2    16:41     WNW
09    46.4   067.0   15:40    29.1   03:32     18.5     00.0   00.00   03.0     13.8    17:20      W 
10    58.4   079.5   15:41    41.1   06:20     06.6     00.0   00.00   04.4     19.6    09:42      SW
11    66.3   085.8   15:20    51.0   04:59     00.0     01.4   00.00   03.7     16.1    16:10     WSW
12    58.0   068.2   10:28    43.6   23:59     07.0     00.0   00.08   02.0     16.1    22:38      NW
13    46.6   060.2   16:02    38.1   06:43     18.3     00.0   00.00   04.4     26.4    06:17      NW
14    49.0   065.6   16:08    36.7   05:53     15.9     00.0   00.00   02.0     13.8    13:00      NW
15    51.7   070.3   15:47    37.7   05:07     13.2     00.0   00.02   03.9     17.3    17:44      SW
16    58.6   068.1   16:09    47.1   23:52     06.3     00.0   00.01   04.6     23.0    17:09     WNW
18    48.4   064.6   15:45    37.2   07:01     16.6     00.0   00.00   02.9     17.3    00:04      NW
19    44.7   058.8   14:55    36.6   06:25     20.2     00.0   00.14   03.5     17.3    14:43     SSW
20    54.0   070.4   16:09    42.9   00:08     11.0     00.0   00.13   01.7     13.8    00:00      SE
21    47.5   051.2   15:55    44.8   06:52     17.4     00.0   00.41   04.1     13.8    09:01      E 
22    47.6   055.8   16:53    42.3   23:47     17.3     00.0   00.03   01.9     16.1    18:57     NNW
23    50.3   071.1   16:24    33.6   06:20     14.6     00.0   00.00   02.3     12.7    08:57      W 
24    55.1   074.3   14:20    39.3   06:15     09.8     00.0   00.00   01.5     09.2    15:40     SSW
25    48.7   053.2   14:05    45.7   20:59     16.2     00.0   00.53   05.2     20.7    11:43     ENE
26    52.8   059.5   17:07    45.9   00:01     12.2     00.0   00.37   03.5     14.9    02:45      NE
27    59.6   067.2   14:38    54.4   05:25     05.3     00.0   00.04   01.2     10.3    18:03      S 
28    67.2   084.1   16:24    56.6   03:38     00.0     02.2   00.03   02.1     14.9    16:42      W 
----------------------------------------------------------------------------------------------------------------------------------------------------------
50.2 (51.1)   85.8  day 11     29.1  day 09   416.2    004.4   05.15   03.5     32.2   day 16     WNW
Min <=  86: 28
Max Rain: 1.19 ON 4-04-17
Days of Rain: 18 (> .008in) 11 (> .08in) 2 (> 0.8in)