MONTHLY CLIMATOLOGICAL SUMMARY for JUL. 2017

NAME: Beeney Road   CITY: New Hartford STATE: Connecticut
ELEV: 1060 LAT: 041:52:00 LONG: 0073:02:00

                            TEMPERATURE ( F), RAIN (in.), WIND SPEED (mph)

                                               HEAT     COOL           AVG
      MEAN                                     DEG      DEG            WIND                       DOM
DAY   TEMP    HIGH   TIME     LOW    TIME      DAYS     DAYS    RAIN   SPEED    HIGH    TIME      DIR
----------------------------------------------------------------------------------------------------------------------------------------------------------
01    72.9   085.8   14:09    65.5   04:59     00.0     08.0   00.11   00.9     12.7    13:22     WSW
02    74.1   088.5   16:12    65.9   04:37     00.0     09.1   00.31   01.3     13.8    21:16     WSW
03    71.2   086.5   15:22    60.4   05:30     00.0     06.2   00.01   00.9     12.7    17:04      W 
04    69.5   086.3   16:19    58.6   04:36     00.0     04.5   00.00   00.9     10.3    11:26      NW
05    69.0   088.6   15:12    56.7   05:43     00.0     04.1   00.00   00.6     08.1    12:57     ENE
06    69.5   083.2   13:26    58.0   04:00     00.0     04.5   00.00   00.4     09.2    14:41      SW
07    65.8   077.6   17:18    61.8   04:48     00.0     00.9   00.91   00.5     09.2    16:59      N 
08    70.7   085.8   15:20    60.7   00:00     00.0     05.7   00.13   01.4     28.8    17:44     WSW
09    66.3   083.0   16:34    54.4   06:06     00.0     01.3   00.01   01.0     10.3    18:05     WSW
10    70.3   085.8   15:31    57.2   04:55     00.0     05.3   00.00   01.1     12.7    13:26     WSW
11    72.7   084.5   14:00    65.4   05:36     00.0     07.7   01.65   01.0     12.7    17:16     WSW
12    75.0   090.6   14:14    65.2   02:38     00.0     10.1   00.17   00.6     10.3    17:32     WSW
13    71.7   089.7   13:28    59.4   23:54     00.0     06.7   00.16   01.1     11.5    17:09     WNW
14    60.7   063.9   15:19    57.5   04:49     04.3     00.0   00.17   00.3     08.1    04:32     ENE
15    70.5   086.1   15:51    61.5   01:52     00.0     05.5   00.02   00.9     10.3    17:35     WSW
16    72.1   088.1   17:08    61.3   05:20     00.0     07.2   00.00   00.9     10.3    07:26     WNW
17    73.3   087.7   14:56    62.9   04:26     00.0     08.3   00.00   00.7     11.5    16:57     SSW
18    77.3   090.8   15:33    68.9   04:29     00.0     12.4   00.00   00.6     11.5    16:27     WSW
19    76.8   091.3   16:36    66.0   05:23     00.0     11.9   00.00   00.9     12.7    13:53      W 
20    76.8   093.0   15:08    65.1   05:45     00.0     11.9   00.00   00.9     10.3    15:59      W 
21    75.5   090.1   15:11    64.2   05:46     00.0     10.6   00.00   01.1     12.7    11:21      W 
----------------------------------------------------------------------------------------------------------------------------------------------------------
71.5 (73.9)   93.0  day 20     54.4  day 09   004.3    142.0   03.65   00.9     28.8   day 08      W 
Max >=  86: 13
Min <=  86: 21
Max Rain: 1.65 ON 11-07-17
Days of Rain: 11 (> .008in) 8 (> .08in) 2 (> 0.8in)