MONTHLY CLIMATOLOGICAL SUMMARY for AUG. 2017

NAME: Beeney Road   CITY: New Hartford STATE: Connecticut
ELEV: 1060 LAT: 041:52:00 LONG: 0073:02:00

                            TEMPERATURE ( F), RAIN (in.), WIND SPEED (mph)

                                               HEAT     COOL           AVG
      MEAN                                     DEG      DEG            WIND                       DOM
DAY   TEMP    HIGH   TIME     LOW    TIME      DAYS     DAYS    RAIN   SPEED    HIGH    TIME      DIR
----------------------------------------------------------------------------------------------------------------------------------------------------------
01    73.5   090.3   15:10    63.0   05:42     00.0     08.6   00.00   00.6     06.9    17:21      NW
02    69.7   091.1   14:32    60.7   00:00     00.0     04.8   00.22   00.5     21.9    15:23      NW
03    69.9   086.9   15:45    58.6   05:05     00.0     05.0   00.01   00.4     09.2    15:27     WSW
04    71.6   082.8   11:50    64.6   02:39     00.0     06.7   00.38   00.6     11.5    17:01     NNW
05    70.5   082.6   15:45    59.6   23:57     00.0     05.6   00.40   01.3     18.4    18:07      W 
06    63.9   077.9   15:20    53.8   06:13     01.1     00.0   00.00   02.0     14.9    14:51      W 
07    62.5   070.0   12:27    57.2   05:03     02.4     00.0   00.15   00.8     09.2    13:03     WSW
08    66.8   079.0   15:12    59.1   23:14     00.0     01.8   00.01   00.9     11.5    11:44      NW
09    66.7   085.3   15:58    52.5   05:46     00.0     01.8   00.00   00.6     10.3    15:36     WSW
10    70.1   088.5   15:14    58.3   06:01     00.0     05.1   00.00   00.5     08.1    14:59     SSW
11    69.4   085.2   15:30    59.3   03:25     00.0     04.5   00.27   00.5     08.1    15:31     WSW
12    68.3   080.4   15:59    58.9   05:30     00.0     03.4   00.45   00.6     08.1    16:35      SW
13    70.1   082.8   15:26    61.7   00:00     00.0     05.2   00.00   01.2     13.8    13:50     WNW
14    68.6   082.5   13:44    56.2   05:52     00.0     03.6   00.00   00.2     06.9    12:25      W 
15    70.0   081.4   13:23    62.8   00:18     00.0     05.1   00.03   00.5     09.2    13:28     WSW
16    70.1   084.8   14:56    61.1   00:00     00.0     05.2   00.00   01.4     13.8    12:09     WNW
17    66.1   085.1   15:48    53.5   06:39     00.0     01.2   00.00   00.4     08.1    14:43     WNW
18    71.1   077.4   16:07    64.4   00:12     00.0     06.2   00.43   00.2     06.9    11:10     WSW
19    73.0   087.4   15:38    64.5   06:39     00.0     08.1   00.01   01.2     10.3    16:01      W 
20    69.3   081.7   16:01    62.2   23:44     00.0     04.4   00.00   01.9     18.4    10:19      W 
21    70.2   083.9   13:05    59.4   02:58     00.0     05.3   00.00   00.7     10.3    12:42     WSW
22    75.6   089.1   15:17    65.2   02:57     00.0     10.7   00.43   01.5     14.9    23:59     WSW
----------------------------------------------------------------------------------------------------------------------------------------------------------
69.4 (71.7)   91.1  day 02     52.5  day 09   003.5    102.0   02.98   00.8     21.9   day 02      W 
Max >=  86: 6
Min <=  86: 22
Max Rain: 0.45 ON 12-08-17
Days of Rain: 12 (> .008in) 8 (> .08in) 0 (> 0.8in)