MONTHLY CLIMATOLOGICAL SUMMARY for FEB. 2018

NAME: West Hill Area   CITY: New Hartford STATE: CT
ELEV: 1060 LAT: 041:52:00 LONG: 0073:02:00

                            TEMPERATURE ( F), RAIN (in.), WIND SPEED (mph)

                                               HEAT     COOL           AVG
      MEAN                                     DEG      DEG            WIND                       DOM
DAY   TEMP    HIGH   TIME     LOW    TIME      DAYS     DAYS    RAIN   SPEED    HIGH    TIME      DIR
----------------------------------------------------------------------------------------------------------------------------------------------------------
01    32.4   041.4   13:28    24.2   01:19     32.6     00.0   00.03   02.5     16.1    00:15     WSW
02    18.9   033.9   00:44    04.4   22:57     46.1     00.0   00.00   05.6     28.8    09:22      NW
03    12.8   025.7   14:08   -01.4   05:36     52.2     00.0   00.01   03.4     16.1    01:21     WSW
04    32.4   042.8   13:29    18.3   00:02     32.6     00.0   01.18   02.7     13.8    04:41      SW
05    26.1   040.3   00:10    10.8   23:57     38.9     00.0   00.02   05.0     33.4    10:10      NW
06    21.8   033.1   14:34    09.8   00:22     43.1     00.0   00.01   01.4     11.5    12:04     WNW
07    23.1   034.4   19:00    13.4   03:20     41.9     00.0   00.00   02.1     28.8    22:12      NE
08    20.1   026.6   12:40    12.1   23:48     44.8     00.0   00.00   03.7     25.3    00:01      NW
09    21.1   033.4   12:55    08.0   06:56     43.8     00.0   00.00   01.7     13.8    11:42     WSW
10    36.9   042.7   11:28    27.1   01:46     28.0     00.0   01.01   02.3     13.8    10:19     WSW
11    41.5   048.9   23:56    38.8   08:54     23.5     00.0   01.16   00.5     08.1    14:11      NE
12    33.4   053.8   01:36    20.6   23:57     31.5     00.0   00.01   06.1     28.8    10:21      NW
13    23.5   034.4   14:43    13.9   07:07     41.4     00.0   00.00   03.0     20.7    00:32      NW
14    35.5   047.9   14:44    21.8   00:04     29.4     00.0   00.00   05.3     20.7    12:20      W 
15    44.8   053.5   14:53    36.7   03:10     20.2     00.0   00.04   02.8     11.5    19:54      W 
16    43.0   050.7   04:44    29.7   23:44     21.9     00.0   00.12   04.1     26.4    19:01      NW
17    28.6   038.2   14:04    20.1   07:20     36.4     00.0   00.00   02.3     13.8    16:15      W 
----------------------------------------------------------------------------------------------------------------------------------------------------------
29.2 (29.1)   53.8  day 12    -01.4  day 03   608.1    000.0   03.59   03.2     33.4   day 16     WNW
Max <=  32: 2
Min <=  86: 17
Min <=   0: 1
Min <=  23: 12
Min <=   5: 2
Min <=   0: 1
Max Rain: 1.18 ON 4-02-18
Days of Rain: 10 (> .008in) 4 (> .08in) 3 (> 0.8in)