MONTHLY CLIMATOLOGICAL SUMMARY for APR. 2018

NAME: West Hill Area   CITY: New Hartford STATE: CT
ELEV: 1060 LAT: 041:52:00 LONG: 0073:02:00

                            TEMPERATURE ( F), RAIN (in.), WIND SPEED (mph)

                                               HEAT     COOL           AVG
      MEAN                                     DEG      DEG            WIND                       DOM
DAY   TEMP    HIGH   TIME     LOW    TIME      DAYS     DAYS    RAIN   SPEED    HIGH    TIME      DIR
----------------------------------------------------------------------------------------------------------------------------------------------------------
01    42.0   054.9   11:52    30.0   23:50     22.9     00.0   00.00   05.3     19.6    17:47     WNW
02    33.0   046.9   15:33    28.0   06:25     31.9     00.0   00.19   00.8     13.8    15:08     NNW
03    33.5   042.8   10:27    26.3   03:49     31.5     00.0   00.68   01.6     10.3    16:12      SE
04    40.3   052.3   16:56    33.4   23:48     24.6     00.0   00.19   03.7     31.1    21:39      NW
05    31.4   043.0   14:38    24.4   06:56     33.5     00.0   00.00   06.1     28.8    02:29      NW
06    32.5   045.4   17:02    18.8   05:59     32.4     00.0   00.22   01.3     12.7    10:04      W 
07    35.0   044.5   16:13    27.1   23:58     29.9     00.0   00.08   04.5     19.6    04:46     NNW
08    30.6   042.8   13:55    22.1   06:37     34.4     00.0   00.00   04.4     21.9    18:46     NNW
09    32.9   047.2   16:21    21.8   03:38     32.1     00.0   00.00   03.0     20.7    13:44      NW
10    35.5   045.2   16:05    29.1   22:43     29.4     00.0   00.15   00.6     11.5    23:41     NNE
11    36.2   055.1   16:06    22.7   06:46     28.7     00.0   00.00   01.7     14.9    18:12     WNW
12    43.6   061.3   14:40    28.4   05:51     21.3     00.0   00.05   02.3     13.8    16:56     WSW
13    55.9   072.8   16:26    42.3   06:14     09.1     00.0   00.00   02.4     13.8    02:43      W 
14    53.0   072.7   15:57    38.7   23:47     11.9     00.0   00.00   03.8     20.7    16:49      E 
15    33.6   039.1   11:43    28.8   22:52     31.3     00.0   00.00   07.5     26.4    08:10      E 
16    36.5   043.9   23:53    28.9   00:10     28.5     00.0   02.83   05.3     20.7    07:04      E 
17    38.5   048.4   14:10    31.2   00:00     26.5     00.0   00.02   04.7     19.6    01:11      NW
18    39.0   051.5   16:38    28.9   01:50     25.9     00.0   00.02   03.8     17.3    13:38     WNW
19    37.1   045.7   16:38    31.7   23:39     27.8     00.0   00.22   03.0     24.1    22:20      NW
20    36.4   048.6   15:39    28.2   05:54     28.5     00.0   00.00   06.5     34.5    07:59      NW
----------------------------------------------------------------------------------------------------------------------------------------------------------
37.8 (39.4)   72.8  day 13     18.8  day 06   542.2    000.0   04.65   03.6     34.5   day 04     NNW
Min <=  86: 20
Min <=  23: 4
Max Rain: 2.83 ON 16-04-18
Days of Rain: 11 (> .008in) 8 (> .08in) 1 (> 0.8in)